of x(-3).
2, 3, 5
Let m be (-4)/4*-79*13. Suppose 10*v - m = -3*v. What are the prime factors of v?
79
Suppose 9*c = 5*c + 8. Suppose -c*w = 4 - 186. List the prime factors of w.
7, 13
Let m be 0 - (0 + 1 + 3/1). Let a(x) = 41*x + 9. Let b(s) = -14*s - 3. Let r(g) = -6*a(g) - 17*b(g). List the prime factors of r(m).
29
Let r(i) = 1605*i**3 + 9*i**2 - 11*i + 1. List the prime factors of r(1).
2, 401
Suppose -f + 4 = 2. Suppose q - 26 - 10 = -3*h, -52 = -f*q - h. Suppose 14 + q = 2*z. List the prime factors of z.
19
Let n(a) = 4*a + 1 + 4 - 3*a. Let s be n(0). Suppose -s*p = o + 2*o - 208, 4*p - 162 = 2*o. What are the prime factors of p?
41
Let r(z) = 16*z**2 + 8*z - 22. List the prime factors of r(-5).
2, 13
Suppose -4*v = -3*v - 3, 2*k - 5*v = -9. Let l be (4 - -2) + -3 + k. What are the prime factors of (-276)/l*(-1)/2?
23
Suppose 0 = -4*s - 3*k + 2695, -5*s + 2665 = -s - 3*k. List the prime factors of s.
2, 5, 67
Let l = -8 - -11. Suppose 2*f + 0*b - 1 = l*b, -4*f = -b - 7. Suppose -2*r + 16 = f*g, -25 = -3*g + g - 5*r. What are the prime factors of g?
5
Let n(r) = -4 + 4 + 15*r + 3 + 0. List the prime factors of n(4).
3, 7
Let d = 207 + -201. Let s = -25 - -175. Suppose k = d*k - s. What are the prime factors of k?
2, 3, 5
Suppose 2*j - 3*f + 411 = 3*j, 0 = -2*j + 2*f + 838. List the prime factors of j.
3, 139
Suppose 0*c - 1026 = -5*u + 3*c, -4*u - 2*c + 834 = 0. What are the prime factors of u?
3, 23
Let b(u) = -2*u**2 - 8*u - 8. Let g be b(-3). What are the prime factors of 1036/22 - g/(-22)?
47
Suppose -d - 2*d = -1857. List the prime factors of d.
619
Let p = -2 + 5. Suppose 3*v = -j + 37, p*j = j - 2*v + 94. Let g = j + -28. What are the prime factors of g?
2, 3
Let p(u) = 2*u**3 - 13*u**2 - 21*u + 51. List the prime factors of p(11).
3, 101
Let r be 8*(324/16)/1. Let d = 277 - r. What are the prime factors of d?
5, 23
Let k(l) = -5*l + 2. Let b(u) = -u. Let m(w) = 6*b(w) - k(w). Let y be m(-3). What are the prime factors of (-3)/y*(-14)/3?
2, 7
Suppose -3*b = -5*j + 23, -5*b - 108 = 2*j - 18. Let z = -1 - b. Suppose 4*k - 29 = z. What are the prime factors of k?
11
Suppose 0 = 152*q - 116*q - 92592. List the prime factors of q.
2, 643
Suppose 4*a - 37 = -149. Let h = -36 - -60. List the prime factors of h/a*(-39 + -3).
2, 3
Suppose q - 2312 = -3*y + 9, -y = q - 2325. List the prime factors of q.
13, 179
Suppose -4*q = -5*p - 1 - 4, 4*q + 5 = -5*p. Suppose q*d - 7*d + 14 = 0. What are the prime factors of d?
2
Let c(s) be the first derivative of s**3/3 + s**2 + 4*s - 3. Let i be c(-5). Let x = 47 - i. What are the prime factors of x?
2, 7
Suppose 0 = 4*t + 8 + 24. Let g = t - 29. Let a = 0 - g. List the prime factors of a.
37
Let q(t) = t**3 + 7*t**2 - 2*t - 7. Let g be q(-7). Let x be 12*(3 - (g - 3)). Let z = 7 - x. List the prime factors of z.
19
Let t(l) = -l**2 - 13*l - 18. Let m be t(-12). Let u(g) = g**3 + 6*g**2 - 5*g + 3. List the prime factors of u(m).
3, 11
List the prime factors of (672/120)/((-1)/(-165)).
2, 3, 7, 11
Let g = -449 + 626. What are the prime factors of g?
3, 59
Let q(g) = g**2 - 25*g + 81. What are the prime factors of q(30)?
3, 7, 11
Let a(w) = 3*w**2 - 3*w + 1. Let h be a(2). Suppose -2*r - 30 = -h*r. List the prime factors of (-20)/(5/((-15)/r)).
2, 5
Let c = -100 + 105. Suppose -4*i + 4*j - 5*j + 791 = 0, -2*i = c*j - 373. List the prime factors of i.
199
Let p(a) = a**2 - 9*a - 17. Let u be (1 + (0 - 0))*(-6 - -3). List the prime factors of p(u).
19
Suppose 0 = -z - 40 + 26. Let k = 15 + z. Suppose -2*u + 5 + k = 0. What are the prime factors of u?
3
Let d(n) = -n**3 + 7*n**2 - n + 7. Let y(k) = k + 11. Suppose 0 = 5*s + 4*x + 9, 0*s - 5*s - x = 21. Let m be y(s). What are the prime factors of d(m)?
37
Suppose -5*z - 4*m + 25 = m, 5*m = -4*z + 19. Suppose 9*g - 189 = z*g. What are the prime factors of g?
3, 7
Let m(p) = -2*p - 5. Let b be m(-7). Suppose b*i = -4*i + 3692. List the prime factors of i.
2, 71
Let s(w) = -w**3 + 8*w**2 - 2*w + 11. Let x be s(8). Let v be (234/45)/((-1)/x). Suppose 0*k = k - v. What are the prime factors of k?
2, 13
Suppose 0 = -2*j + 2*f - 2, -f + 9 = 2*j - 1. Let l(t) = -9*t**2 - 3*t + 3. Let z be l(j). Let k = z - -123. List the prime factors of k.
2, 3
What are the prime factors of (-42768)/96*4/(-3)?
2, 3, 11
Suppose 0 = 19*n - 17*n - 966. List the prime factors of n.
3, 7, 23
Let m = 465 + 123. Suppose -m = -4*y - 2*v, -y - 2*v + 79 = -62. Suppose -y - 9 = -3*z + o, -o = -5*z + 266. What are the prime factors of z?
2, 3
List the prime factors of 6624/(-3 + 11) + 8.
2, 11, 19
Let k be 2 + -3 - 0 - -4. Suppose 0*y = -3*g + 4*y + k, -3*y - 6 = -3*g. Suppose 105 = -2*d + 7*d - 5*t, -d - g*t + 27 = 0. What are the prime factors of d?
2, 11
Let n = 1090 - -940. List the prime factors of n.
2, 5, 7, 29
Let b(x) = 183*x + 150. List the prime factors of b(5).
3, 5, 71
Suppose 5*a = 2*l - 24, 0*l - l + 10 = -2*a. Suppose -l*k - k - 265 = -5*v, v = 3*k + 53. What are the prime factors of v?
53
Let m = -7 - -11. List the prime factors of (-181)/(-3) + m/(-12).
2, 3, 5
Let x(i) = i**3 - 5*i**2 - 6*i + 4. Let p be x(6). Let d(n) be the third derivative of n**5/60 - n**4/8 + 2*n**3/3 + n**2. What are the prime factors of d(p)?
2
Suppose 2*c - 17 = -r, -3*r = 5*c - 5*r - 56. Let z(w) = 13*w - 15. Let p be z(c). Suppose v = 3*v - 5*f - 46, -3*v - 4*f = -p. What are the prime factors of v?
3, 11
Let f be (0 - 2)*(-20)/(-8). What are the prime factors of ((-6)/f)/((-9)/(-30))?
2
Let a(b) = b**3 - 11*b**2 - b + 15. Let p be a(11). Suppose -p*w = -0*s + 3*s - 333, -s - 2*w + 113 = 0. What are the prime factors of s?
107
Let q(j) = -16*j + 4. Let g be q(-3). Let b = -170 - -165. Let z = g + b. What are the prime factors of z?
47
What are the prime factors of ((-4)/10)/(11/(-26235))?
2, 3, 53
Suppose -3*o = 2*o - 20. Suppose 4*m + 297 = 5*k, -k - 5*m = o*k - 315. List the prime factors of k.
61
Let v(m) = -8*m + 5 + m**2 + 3*m**2 - 3*m**2. Let z be v(8). Suppose 4*h - 2*r = 28, z*r + 25 + 9 = 4*h. What are the prime factors of h?
2, 3
Let n = -68 - -61. List the prime factors of (78/15)/(n/(-175)).
2, 5, 13
Let p be 10/6 - (-11)/33. Suppose -p*i - 4*f - 181 = -5*i, 2*i - 119 = f. Suppose -i = -3*q + 4*a, 0*a + 105 = 5*q - 5*a. List the prime factors of q.
5
Let k be (-3)/(-1 + -2)*(-27)/1. What are the prime factors of k/(-15) + -2 - 401/(-5)?
2, 5
Let w = 28 - 36. Let m be (10/5 - w)*-1. Let q = m - -23. List the prime factors of q.
13
Let u(a) = 35*a + 752. What are the prime factors of u(0)?
2, 47
Let g(f) = -4 + 4*f**3 - 2*f**3 - 11*f + 5*f**2 - f**3 - 11*f**2. List the prime factors of g(8).
2, 3
Suppose k = -k + 4. Suppose -p - 3 + 12 = 2*v, 7 = -5*p + 3*v. Suppose -k*b + 11 = p. What are the prime factors of b?
5
Let u = -5 - -18. Suppose -8*c = -u*c + 950. List the prime factors of c.
2, 5, 19
Suppose -4*f + 393 = 5*y, -2*y - y + 399 = 4*f. Let w = -22 + f. List the prime factors of w.
2, 5
Let v(k) = -k**2 - k + 4. Let b be v(-3). Let n(f) = -f**3 - 2. Let y be n(b). What are the prime factors of 2 - 1 - (-48)/y?
3
Let l be (0/8 + -5)/(2/(-46)). Let y = 60 + -123. Let g = l + y. List the prime factors of g.
2, 13
Let r(q) = 4*q + 5. Let o be r(-2). List the prime factors of (2/o)/((-6)/477).
53
Suppose -1394 = -2*z + 18*t - 21*t, -4*t = -16. List the prime factors of z.
691
Suppose 8*u = 32*u - 3408. List the prime factors of u.
2, 71
Suppose 9*g = 19*g - 42240. What are the prime factors of g?
2, 3, 11
Let j = 8 - 6. Let i = 1 + j. Suppose -y = -i*m + 42, y = -m - 4*y - 2. What are the prime factors of m?
13
Let p = 798 + -564. Suppose 2*q = 6, 2*q = -3*t + 4*q + p. List the prime factors of t.
2, 5
Let z(h) = -h**2 - 4*h - 11 + 8 + 9. Let v be z(-5). List the prime factors of -3 + v*24 - 1.
2, 5
Let u(w) = -w**2 - 8*w - 10. Let j be u(-5). Suppose 0 = j*g - 5*l - 300, 3*g - 236 = -g + 5*l. What are the prime factors of g?
2
Let l be (-3)/(3*3/(-12)). Let j = 159 - 155. Suppose -26 = 2*a - l*a + j*r, -5*a = 4*r - 107. List the prime factors of a.
19
Suppose 4*t - 8 = -2*v + 4*v, -12 = -3*t. Suppose m + 4*i + 0*i = 32, 3*i + 39 = m. Suppose m = -v*s + 132. What are the prime factors of s?
2, 3
Let f(d) = -d**3 - 4*d**2 - 3*d + 4. Let w be -2 + -1 + (-1 - -8). Suppose o + 8 = -